er when 63815 is divided by 1808?
535
Calculate the remainder when 8201 is divided by 3877.
447
Calculate the remainder when 80134411 is divided by 2729.
55
What is the remainder when 253887 is divided by 318?
123
Calculate the remainder when 114167 is divided by 37800.
767
What is the remainder when 8636807 is divided by 269900?
7
Calculate the remainder when 489689 is divided by 980.
669
What is the remainder when 26841932 is divided by 235?
232
Calculate the remainder when 32591 is divided by 4464.
1343
What is the remainder when 5746 is divided by 14?
6
Calculate the remainder when 1184794 is divided by 296060.
554
Calculate the remainder when 315591 is divided by 78.
3
What is the remainder when 323162 is divided by 738?
656
What is the remainder when 1029550 is divided by 160?
110
Calculate the remainder when 11799652 is divided by 31.
29
What is the remainder when 406203 is divided by 15623?
5
Calculate the remainder when 2147128 is divided by 6315.
28
What is the remainder when 267471 is divided by 145?
91
What is the remainder when 14360876 is divided by 7180436?
4
Calculate the remainder when 7567 is divided by 2409.
340
What is the remainder when 602253 is divided by 60?
33
Calculate the remainder when 263110 is divided by 1159.
17
What is the remainder when 123828 is divided by 1453?
323
Calculate the remainder when 125123 is divided by 2085.
23
Calculate the remainder when 9905 is divided by 9436.
469
Calculate the remainder when 778695 is divided by 778585.
110
What is the remainder when 198832 is divided by 63807?
7411
Calculate the remainder when 262933 is divided by 7301.
97
What is the remainder when 4217749 is divided by 56?
53
Calculate the remainder when 29175557 is divided by 21234.
41
What is the remainder when 306212 is divided by 11340?
32
What is the remainder when 2087206 is divided by 3473?
3406
Calculate the remainder when 10905072 is divided by 605836.
24
Calculate the remainder when 95607 is divided by 31498.
1113
What is the remainder when 66899975 is divided by 19?
6
What is the remainder when 37592584 is divided by 157952?
8
Calculate the remainder when 263615 is divided by 8751.
1085
Calculate the remainder when 383988 is divided by 27427.
10
What is the remainder when 6756793 is divided by 37747?
80
What is the remainder when 88725541 is divided by 679?
611
Calculate the remainder when 76500 is divided by 38233.
34
What is the remainder when 4254124 is divided by 127?
5
What is the remainder when 18253360 is divided by 39?
34
Calculate the remainder when 23371922 is divided by 58.
10
What is the remainder when 1683971 is divided by 1782?
1763
What is the remainder when 39578 is divided by 344?
18
Calculate the remainder when 37226011 is divided by 15053.
14995
What is the remainder when 10847974 is divided by 973?
970
Calculate the remainder when 74713331 is divided by 762.
755
Calculate the remainder when 30824959 is divided by 1.
0
What is the remainder when 28479237 is divided by 119?
38
Calculate the remainder when 1787811 is divided by 2580.
2451
What is the remainder when 18605552 is divided by 1119?
1058
Calculate the remainder when 143485 is divided by 28686.
55
What is the remainder when 174709313 is divided by 2?
1
What is the remainder when 3264596 is divided by 15?
11
Calculate the remainder when 523878 is divided by 44.
14
Calculate the remainder when 1850103 is divided by 7974.
135
Calculate the remainder when 10456339 is divided by 7374.
7
Calculate the remainder when 212262 is divided by 3476.
226
What is the remainder when 274906 is divided by 274128?
778
Calculate the remainder when 179475 is divided by 1759.
57
What is the remainder when 52033570 is divided by 183?
82
Calculate the remainder when 10566346 is divided by 283.
258
What is the remainder when 478569856 is divided by 958?
956
What is the remainder when 4249671 is divided by 1416537?
60
What is the remainder when 985540 is divided by 492707?
126
What is the remainder when 43406 is divided by 3731?
2365
What is the remainder when 1440504 is divided by 755?
719
What is the remainder when 88412 is divided by 44192?
28
What is the remainder when 74908763 is divided by 2269?
2266
What is the remainder when 4662801 is divided by 2896?
241
What is the remainder when 72871 is divided by 36290?
291
What is the remainder when 8034894 is divided by 646?
592
What is the remainder when 256664350 is divided by 1568?
1566
What is the remainder when 48791439 is divided by 2282?
2279
Calculate the remainder when 8456410 is divided by 2.
0
What is the remainder when 619204 is divided by 1125?
454
What is the remainder when 12878293 is divided by 45?
13
Calculate the remainder when 250491 is divided by 12.
3
What is the remainder when 46668540 is divided by 256?
252
Calculate the remainder when 8621028 is divided by 218.
0
What is the remainder when 17930188 is divided by 8965088?
12
Calculate the remainder when 52415182 is divided by 52415171.
11
Calculate the remainder when 38763593 is divided by 60.
53
What is the remainder when 66682 is divided by 66625?
57
Calculate the remainder when 136994 is divided by 34243.
22
Calculate the remainder when 3215745 is divided by 3530.
3445
What is the remainder when 650452 is divided by 650028?
424
Calculate the remainder when 1065760 is divided by 1225.
10
Calculate the remainder when 29815 is divided by 14898.
19
Calculate the remainder when 6045484 is divided by 444.
424
Calculate the remainder when 9385018 is divided by 391042.
10
What is the remainder when 315492 is divided by 18500?
992
Calculate the remainder when 13552790 is divided by 39.
17
Calculate the remainder when 18569 is divided by 5993.
590
Calculate the remainder when 24078180 is divided by 1399.
1390
What is the remainder when 1067018 is divided by 10?
8
Calculate the remainder when 370567759 is divided by 126.
121
Calculate the remainder when 531314 is divided by 239.
17
Calculate the remainder when 314830 is divided by 3026.
126
What is the remainder when 8044585 is divided by 88402?
3
Calculate the remainder when 41829437 is divided by 42.
41
What is the remainder when 374540 is divided by 7342?
98
Calculate the remainder when 2729224 is divided by 614.
608
What is the remainder when 149512 is divided by 37337?
164
Calculate the remainder when 77020154 is divided by 1024.
1018
Calculate the remainder when 524700697 is divided by 8719.
8715
What is the remainder when 260762 is divided by 32550?
362
Calculate the remainder when 55120600 is divided by 62.
58
Calculate the remainder when 11476785 is divided by 410.
65
What is the remainder when 589073 is divided by 31002?
35
What is the remainder when 348686 is divided by 100?
86
What is the remainder when 523483 is divided by 261675?
133
What is the remainder when 2549941 is divided by 2796?
2785
What is the remainder when 11495704 is divided by 2536?
16
Calculate the remainder when 1009271 is divided by 153.
83
What is the remainder when 4929141 is divided by 3598?
3479
What is the remainder when 35155 is divided by 2150?
755
Calculate the remainder when 783563 is divided by 46076.
271
Calculate the remainder when 256059 is divided by 2349.
18
What is the remainder when 34374 is divided by 11391?
201
Calculate the remainder when 106969 is divided by 3449.
50
Calculate the remainder when 18014845 is divided by 630.
625
What is the remainder when 35057527 is divided by 17528748?
31
Calculate the remainder when 45246900 is divided by 321.
24
Calculate the remainder when 363208 is divided by 12.
4
Calculate the remainder when 44575 is divided by 2.
1
Calculate the remainder when 24428223 is divided by 31561.
9
What is the remainder when 487502054 is divided by 9103?
9095
Calculate the remainder when 2621294 is divided by 527.
523
Calculate the remainder when 247897 is divided by 197.
71
Calculate the remainder when 94356546 is divided by 1179.
1176
Calculate the remainder when 101708 is divided by 1884.
1856
Calculate the remainder when 178382 is divided by 177067.
1315
Calculate the remainder when 12480 is divided by 5930.
620
Calculate the remainder when 537256 is divided by 67127.
240
Calculate the remainder when 5412525 is divided by 6323.
37
What is the remainder when 14671 is div